 -12621450 (base 8) in base 16?
-2b2328
Convert -3510427 (base 8) to base 16.
-e9117
Convert -1b2f6 (base 16) to base 5.
-12030400
-12532043 (base 6) to base 5
-101311400
-721 (base 15) to base 5
-22411
Convert -77110 (base 10) to base 9.
-126687
Convert -3e50a (base 16) to base 5.
-31131432
-2506656 (base 9) to base 2
-101001100110001011110
Convert 1450672 (base 12) to base 9.
7616765
-14c6169 (base 13) to base 6
-354531023
What is 123432423 (base 5) in base 15?
c045d
What is -101100001010001101 (base 2) in base 14?
-49cbb
Convert -102020112010 (base 3) to base 6.
-4424220
What is 1012020011200 (base 3) in base 12?
267130
Convert -503a10 (base 14) to base 15.
-384c01
What is 1609c61 (base 15) in base 13?
340675c
What is 4defa (base 16) in base 14?
8449c
Convert 535325 (base 7) to base 5.
10434434
Convert 13105400 (base 6) to base 15.
87139
What is 28169 (base 11) in base 6?
505434
11110101001001000011010 (base 2) to base 10
8032794
Convert -95194a (base 11) to base 10.
-1525138
What is -3426a8 (base 11) in base 16?
-851c7
1350315 (base 6) to base 16
12b27
What is -1604941 (base 13) in base 2?
-11010111100110101100001
1258a6 (base 15) to base 14
18c704
3412023 (base 5) to base 7
340460
Convert -3115 (base 11) to base 3.
-12122222
What is 13b5099 (base 14) in base 2?
100100100010101110101111
What is 10003020112 (base 5) in base 4?
211123330112
What is 100011001110001101 (base 2) in base 15?
2cb2e
Convert -147192 (base 10) to base 15.
-2d92c
What is 313002220 (base 5) in base 7?
14011611
197321 (base 13) to base 15
cad55
-1564510 (base 7) to base 14
-594b0
Convert 10a34 (base 15) to base 9.
80534
2913194 (base 11) to base 14
94647d
Convert -30671533 (base 8) to base 12.
-222390b
Convert -b8273 (base 14) to base 9.
-747407
What is 21ab25 (base 13) in base 6?
25012331
Convert -1132220131 (base 4) to base 14.
-a1389
Convert -39aa75 (base 11) to base 8.
-2315424
What is -2bff04 (base 16) in base 6?
-141444432
Convert 318c58 (base 16) to base 13.
899020
Convert -404422 (base 8) to base 14.
-36882
Convert -375826 (base 15) to base 5.
-1134314321
What is -21302230303 (base 4) in base 7?
-30550600
Convert 1279c (base 16) to base 11.
51947
Convert -103547 (base 9) to base 11.
-42387
What is b16241 (base 14) in base 9?
12211181
What is -15643404 (base 7) in base 10?
-1523463
Convert 1b507 (base 16) to base 15.
23239
302023123 (base 4) to base 11
130467
Convert 2463938 (base 10) to base 16.
2598c2
What is 23443040 (base 5) in base 14?
598c8
-16b1a (base 14) to base 8
-157344
What is 69b613 (base 13) in base 11?
1464892
-2608766 (base 9) to base 15
-1d1c40
Convert -35b037 (base 13) to base 4.
-10320232001
2221212112 (base 3) to base 10
58226
Convert -29b43 (base 14) to base 6.
-2120143
Convert -194199 (base 13) to base 10.
-637425
-e5269 (base 16) to base 8
-3451151
What is -a5b514 (base 12) in base 11?
-1524273
What is 445546 (base 10) in base 11?
284822
Convert 12545241 (base 8) to base 4.
22230222201
What is 11202200121 (base 3) in base 16?
16e76
Convert -23361265 (base 7) to base 15.
-2abe4d
What is -79689 (base 14) in base 15?
-5c5a5
39485 (base 12) to base 7
444452
-3688b5 (base 13) to base 6
-43542305
Convert 4685f (base 16) to base 5.
33220423
-1565404 (base 9) to base 12
-35b5a1
-100210202020222 (base 3) to base 14
-999120
-6e1 (base 16) to base 9
-2366
-2446580 (base 12) to base 15
-947419
What is -97a2e (base 16) in base 8?
-2275056
What is 12020012110 (base 3) in base 8?
311030
1440033422 (base 5) to base 10
3830487
-101010101101111101 (base 2) to base 8
-525575
What is 4580b (base 13) in base 7?
1035034
-38fefc (base 16) to base 12
-1301764
Convert -1101030000 (base 4) to base 12.
-140540
Convert -60d48 (base 15) to base 8.
-1127067
What is -280b5 (base 12) in base 15?
-11658
-410001 (base 5) to base 14
-4ad8
What is 200110 (base 7) in base 12?
1759a
Convert 46452434 (base 7) to base 6.
223241502
5c2c6 (base 14) to base 10
225574
Convert -22000220011 (base 3) to base 7.
-1225660
Convert -1058407 (base 9) to base 16.
-8b429
205475 (base 9) to base 15
262c5
Convert 3b702 (base 13) to base 3.
12122022102
-1d8b4 (base 16) to base 2
-11101100010110100
Convert -13743c (base 13) to base 8.
-1633772
220022201102 (base 3) to base 2
1110100111000011100
Convert -301444030 (base 5) to base 14.
-2345b9
-232521526 (base 7) to base 8
-66512356
What is 1100101110000101111101 (base 2) in base 6?
155245341
What is 771448 (base 9) in base 3?
212101111122
Convert 101101101010111110 (base 2) to base 5.
21441240
3303440141 (base 5) to base 11
4005228
What is 1000011100101111001 (base 2) in base 10?
276857
-3988e1 (base 16) to base 14
-7021a1
-39b5e (base 16) to base 6
-5022210
51597 (base 10) to base 3
2121210000
Convert 1120111003 (base 4) to base 15.
722ea
a21332 (base 13) to base 16
39917d
What is 413204104 (base 5) in base 3?
10012002010002
What is -653510 (base 7) in base 10?
-114128
Convert 4544315 (base 6) to base 10.
231671
122c0c (base 13) to base 8
1521241
10011001000011001011 (base 2) to base 6
21234135
Convert 2010011202 (base 3) to base 8.
121321
Convert 330412224 (base 5) to base 2.
101011010100110101001
Convert -1301553 (base 10) to base 9.
-2403350
What is 454895 (base 10) in base 6?
13425555
Convert -2192036 (base 10) to base 3.
-11010100220112
What is -23552244 (base 6) in base 14?
-155aa8
-100567 (base 10) to base 8
-304327
Convert 30103300 (base 4) to base 12.
25214
310223201213 (base 4) to base 6
1211554035
Convert -42671 (base 8) to base 14.
-670d
-102030320 (base 4) to base 10
-74552
Convert 160661 (base 9) to base 15.
1e4c1
What is 21880507 (base 9) in base 3?
201222200120021
60754426 (base 8) to base 2
110000111101100100010110
What is 1221233 (base 4) in base 14?
2675
What is -11000212011000 (base 3) in base 9?
-4025130
What is 80252 (base 10) in base 3?
11002002022
What is 212150 (base 13) in base 12?
314b3b
Convert 1230260 (base 7) to base 15.
31edb
-17163591 (base 10) to base 7
-265613424
b108a (base 16) to base 15
e4cc0
Convert 2130233123 (base 4) to base 12.
26b64b
What is -624525 (base 7) in base 9?
-173140
What is 14f661 (base 16) in base 14?
27a921
What is 576 (base 9) in base 10?
474
What is 1a7758 (base 13) in base 10?
673538
Convert 2211102212120 (base 3) to base 9.
2742776
-10201122220120 (base 3) to base 12
-7b6750
What is 122101221112 (base 4) in base 6?
403344554
Convert -214221423 (base 6) to base 13.
-a47a53
What is -200221301 (base 4) in base 2?
-100000101001110001
Convert -588057 (base 13) to base 7.
-23605014
What is 556058 (base 11) in base 8?
3303355
Convert -8fe076 (base 16) to base 7.
-143101055
What is 223121 (base 4) in base 6?
20505
What is 1b26713 (base 12) in base 2?
10110000010001001111111
What is -11354e (base 15) in base 9?
-1481572
Convert -2708ba (base 12) to base 15.
-cacaa
503a1 (base 12) to base 14
29db3
Convert 242502212 (base 6) to base 15.
611655
Convert 12101120222111 (base 3) to base 6.
141231021
Convert -54220 (base 6) to base 11.
-5643
What is -1130023301 (base 4) in base 8?
-1341361
What is -11016460 (base 7) in base 5?
-220232024
2032352 (base 6) to base 3
11222010012
What is 1a7b80 (base 14) in base 7?
11006420
-1cda35 (base 16) to base 9
-3501705
-27727 (base 13) to base 2
-10001111111110101
What is -1202110222 (base 3) in base 11?
-24007
What is bfe96 (base 16) in base 5?
200123240
What is -21220303 (base 4) in base 10?
-39475
Convert -112211011000 (base 3) to base 7.
-2323314
3dc341 (base 16) to base 3
21121122101010
10110100111100010 (base 2) to base 5
10431032
What is -4104313 (base 5) in base 3?
-10100211011
Convert 442241433 (base 5) to base 8.
7234553
-164cc9 (base 14) to base 7
-6434242
What is -6024507 (base 8) in base 4?
-12002211013
What is -a3b79 (base 16) in base 6?
-22212321
-2ac40 (base 14) to base 9
-172303
Convert 544d1 (base 16) to base 9.
575583
Convert -101102001212 (base 3) to base 8.
-620143
Convert 10220000121011 (base 3) to base 5.
1012122101
-1211021000 (base 3) to base 11
-24a86
What is -234203 (base 5) in base 9?
-12812
What is 1222433 (base 6) in base 9?
108633
Convert 441311212 (base 5) to base 14.
3769dd
What is -188b6b (base 14) in base 9?
-1564470
Convert 3d349 (base 14) to base 2.
100101000000010101
Convert 31220102031 (base 4) to base 11.
20203a0
Convert 1